{"id":8552,"date":"2024-09-19T13:45:01","date_gmt":"2024-09-19T11:45:01","guid":{"rendered":"https:\/\/breyer-rechtsanwaelte.de\/?post_type=anwalt&#038;p=8552"},"modified":"2025-01-21T15:08:12","modified_gmt":"2025-01-21T14:08:12","slug":"julia-schumacher","status":"publish","type":"anwalt","link":"https:\/\/breyer-rechtsanwaelte.de\/en\/anwalt\/julia-schumacher\/","title":{"rendered":"Julia Schumacher"},"content":{"rendered":"<div data-elementor-type=\"wp-post\" data-elementor-id=\"8552\" class=\"elementor elementor-8552\" data-elementor-post-type=\"anwalt\">\n\t\t\t\t<div class=\"elementor-element elementor-element-1a2313a e-flex e-con-boxed e-con e-parent\" data-id=\"1a2313a\" data-element_type=\"container\" data-e-type=\"container\">\n\t\t\t\t\t<div class=\"e-con-inner\">\n\t\t<div class=\"elementor-element elementor-element-1f15d48 e-con-full e-flex e-con e-child\" data-id=\"1f15d48\" data-element_type=\"container\" data-e-type=\"container\">\n\t\t\t\t<div class=\"elementor-element elementor-element-647f1ed elementor-invisible elementor-widget elementor-widget-heading\" data-id=\"647f1ed\" data-element_type=\"widget\" data-e-type=\"widget\" data-settings=\"{&quot;_animation&quot;:&quot;fadeInUp&quot;}\" data-widget_type=\"heading.default\">\n\t\t\t\t\t<h2 class=\"elementor-heading-title elementor-size-default\">Vita<\/h2>\t\t\t\t<\/div>\n\t\t\t\t<div class=\"elementor-element elementor-element-872b81f elementor-invisible elementor-widget elementor-widget-text-editor\" data-id=\"872b81f\" data-element_type=\"widget\" data-e-type=\"widget\" data-settings=\"{&quot;_animation&quot;:&quot;fadeInUp&quot;}\" data-widget_type=\"text-editor.default\">\n\t\t\t\t\t\t\t\t\t<ul><li>Studied in Osnabr\u00fcck and Cologne<\/li><li>Legal clerkship in D\u00fcsseldorf, Wuppertal and Exeter (UK)<\/li><li class=\"translation-block\">Admitted to the bar in 2004<br>Worked in commercial law firms and construction law firms in D\u00fcsseldorf, Cologne, Frankfurt am Main and Stuttgart<\/li><li>Founding partner of Rhein Rechtsanw\u00e4lte in Frankfurt am Main<\/li><li>part of the Breyer Rechtsanw\u00e4lte team since 2024<\/li><\/ul>\t\t\t\t\t\t\t\t<\/div>\n\t\t\t\t<\/div>\n\t\t<div class=\"elementor-element elementor-element-aba8a31 e-con-full e-flex e-con e-child\" data-id=\"aba8a31\" data-element_type=\"container\" data-e-type=\"container\">\n\t\t\t\t<div class=\"elementor-element elementor-element-8494bf1 elementor-invisible elementor-widget elementor-widget-heading\" data-id=\"8494bf1\" data-element_type=\"widget\" data-e-type=\"widget\" data-settings=\"{&quot;_animation&quot;:&quot;fadeInUp&quot;}\" data-widget_type=\"heading.default\">\n\t\t\t\t\t<h2 class=\"elementor-heading-title elementor-size-default\">Main areas of activity<\/h2>\t\t\t\t<\/div>\n\t\t\t\t<div class=\"elementor-element elementor-element-58509ae elementor-invisible elementor-widget elementor-widget-text-editor\" data-id=\"58509ae\" data-element_type=\"widget\" data-e-type=\"widget\" data-settings=\"{&quot;_animation&quot;:&quot;fadeInUp&quot;}\" data-widget_type=\"text-editor.default\">\n\t\t\t\t\t\t\t\t\t<ul><li>Advice and representation in the development, realisation and revitalisation of real estate projects<\/li><li>Focus on retail and commercial property and project development<\/li><li>Expertise in major infrastructure measures<\/li><li>Forensic representation in the 2nd instance or appeal<\/li><\/ul>\t\t\t\t\t\t\t\t<\/div>\n\t\t\t\t<div class=\"elementor-element elementor-element-4403113 elementor-invisible elementor-widget elementor-widget-heading\" data-id=\"4403113\" data-element_type=\"widget\" data-e-type=\"widget\" data-settings=\"{&quot;_animation&quot;:&quot;fadeInUp&quot;}\" data-widget_type=\"heading.default\">\n\t\t\t\t\t<h2 class=\"elementor-heading-title elementor-size-default\">Scientific activity<\/h2>\t\t\t\t<\/div>\n\t\t\t\t<div class=\"elementor-element elementor-element-c799cbd elementor-invisible elementor-widget elementor-widget-text-editor\" data-id=\"c799cbd\" data-element_type=\"widget\" data-e-type=\"widget\" data-settings=\"{&quot;_animation&quot;:&quot;fadeInUp&quot;}\" data-widget_type=\"text-editor.default\">\n\t\t\t\t\t\t\t\t\t<ul><li>Member of the Deutsche Gesellschaft f\u00fcr Baurecht e.V., German and Frankfurt Bar Association, Oskar Wilde Society<\/li><li>Training courses and specialist lawyer training<\/li><li>Lecturer at the DHBW Mannheim<\/li><li>Regular publications in the specialised press (IBR Facility Management, IZ)<\/li><\/ul>\t\t\t\t\t\t\t\t<\/div>\n\t\t\t\t<\/div>\n\t\t\t\t\t<\/div>\n\t\t\t\t<\/div>\n\t\t\t\t<\/div>","protected":false},"excerpt":{"rendered":"<p>Julia Schumacher, seit 2024 bei Breyer Rechtsanw\u00e4lte, ist Expertin f\u00fcr Immobilienprojekte und ber\u00e4t Sie deutschlandweit.<\/p>","protected":false},"featured_media":9470,"template":"","meta":{"_acf_changed":false},"fachrichtung":[45,48,47],"standort":[34],"class_list":["post-8552","anwalt","type-anwalt","status-publish","has-post-thumbnail","hentry","fachrichtung-architektenrecht","fachrichtung-bautraegerrecht","fachrichtung-immobilienwirtschaftrecht","standort-frankfurt"],"acf":{"fachrichtung":"Rechtsanw\u00e4ltin und Fachanw\u00e4ltin  f\u00fcr Bau- und Architektenrecht","telefon":"+49 69 870077560","e-mail":"frankfurt@breyer-rechtsanwaelte.de","linkedin":"","xing":"","web":""},"_links":{"self":[{"href":"https:\/\/breyer-rechtsanwaelte.de\/en\/wp-json\/wp\/v2\/anwalt\/8552","targetHints":{"allow":["GET"]}}],"collection":[{"href":"https:\/\/breyer-rechtsanwaelte.de\/en\/wp-json\/wp\/v2\/anwalt"}],"about":[{"href":"https:\/\/breyer-rechtsanwaelte.de\/en\/wp-json\/wp\/v2\/types\/anwalt"}],"version-history":[{"count":0,"href":"https:\/\/breyer-rechtsanwaelte.de\/en\/wp-json\/wp\/v2\/anwalt\/8552\/revisions"}],"wp:featuredmedia":[{"embeddable":true,"href":"https:\/\/breyer-rechtsanwaelte.de\/en\/wp-json\/wp\/v2\/media\/9470"}],"wp:attachment":[{"href":"https:\/\/breyer-rechtsanwaelte.de\/en\/wp-json\/wp\/v2\/media?parent=8552"}],"wp:term":[{"taxonomy":"fachrichtung","embeddable":true,"href":"https:\/\/breyer-rechtsanwaelte.de\/en\/wp-json\/wp\/v2\/fachrichtung?post=8552"},{"taxonomy":"standort","embeddable":true,"href":"https:\/\/breyer-rechtsanwaelte.de\/en\/wp-json\/wp\/v2\/standort?post=8552"}],"curies":[{"name":"wp","href":"https:\/\/api.w.org\/{rel}","templated":true}]}}

<div data-elementor-type="wp-post" data-elementor-id="8552" class="elementor elementor-8552" data-elementor-post-type="anwalt">
				<div class="elementor-element elementor-element-1a2313a e-flex e-con-boxed e-con e-parent" data-id="1a2313a" data-element_type="container" data-e-type="container">
					<div class="e-con-inner">
		<div class="elementor-element elementor-element-1f15d48 e-con-full e-flex e-con e-child" data-id="1f15d48" data-element_type="container" data-e-type="container">
				<div class="elementor-element elementor-element-647f1ed elementor-invisible elementor-widget elementor-widget-heading" data-id="647f1ed" data-element_type="widget" data-e-type="widget" data-settings="{&quot;_animation&quot;:&quot;fadeInUp&quot;}" data-widget_type="heading.default">
					<h2 class="elementor-heading-title elementor-size-default">Vita</h2>				</div>
				<div class="elementor-element elementor-element-872b81f elementor-invisible elementor-widget elementor-widget-text-editor" data-id="872b81f" data-element_type="widget" data-e-type="widget" data-settings="{&quot;_animation&quot;:&quot;fadeInUp&quot;}" data-widget_type="text-editor.default">
									<ul><li>Studied in Osnabrück and Cologne</li><li>Legal clerkship in Düsseldorf, Wuppertal and Exeter (UK)</li><li class="translation-block">Admitted to the bar in 2004<br>Worked in commercial law firms and construction law firms in Düsseldorf, Cologne, Frankfurt am Main and Stuttgart</li><li>Founding partner of Rhein Rechtsanwälte in Frankfurt am Main</li><li>part of the Breyer Rechtsanwälte team since 2024</li></ul>								</div>
				</div>
		<div class="elementor-element elementor-element-aba8a31 e-con-full e-flex e-con e-child" data-id="aba8a31" data-element_type="container" data-e-type="container">
				<div class="elementor-element elementor-element-8494bf1 elementor-invisible elementor-widget elementor-widget-heading" data-id="8494bf1" data-element_type="widget" data-e-type="widget" data-settings="{&quot;_animation&quot;:&quot;fadeInUp&quot;}" data-widget_type="heading.default">
					<h2 class="elementor-heading-title elementor-size-default">Main areas of activity</h2>				</div>
				<div class="elementor-element elementor-element-58509ae elementor-invisible elementor-widget elementor-widget-text-editor" data-id="58509ae" data-element_type="widget" data-e-type="widget" data-settings="{&quot;_animation&quot;:&quot;fadeInUp&quot;}" data-widget_type="text-editor.default">
									<ul><li>Advice and representation in the development, realisation and revitalisation of real estate projects</li><li>Focus on retail and commercial property and project development</li><li>Expertise in major infrastructure measures</li><li>Forensic representation in the 2nd instance or appeal</li></ul>								</div>
				<div class="elementor-element elementor-element-4403113 elementor-invisible elementor-widget elementor-widget-heading" data-id="4403113" data-element_type="widget" data-e-type="widget" data-settings="{&quot;_animation&quot;:&quot;fadeInUp&quot;}" data-widget_type="heading.default">
					<h2 class="elementor-heading-title elementor-size-default">Scientific activity</h2>				</div>
				<div class="elementor-element elementor-element-c799cbd elementor-invisible elementor-widget elementor-widget-text-editor" data-id="c799cbd" data-element_type="widget" data-e-type="widget" data-settings="{&quot;_animation&quot;:&quot;fadeInUp&quot;}" data-widget_type="text-editor.default">
									<ul><li>Member of the Deutsche Gesellschaft für Baurecht e.V., German and Frankfurt Bar Association, Oskar Wilde Society</li><li>Training courses and specialist lawyer training</li><li>Lecturer at the DHBW Mannheim</li><li>Regular publications in the specialised press (IBR Facility Management, IZ)</li></ul>								</div>
				</div>
					</div>
				</div>
				</div>

<p>Julia Schumacher, seit 2024 bei Breyer Rechtsanwälte, ist Expertin für Immobilienprojekte und berät Sie deutschlandweit.</p>

Rechtsanwältin und Fachanwältin  für Bau- und Architektenrecht
