{"id":9738,"date":"2025-06-11T12:35:12","date_gmt":"2025-06-11T10:35:12","guid":{"rendered":"https:\/\/breyer-rechtsanwaelte.de\/?post_type=anwalt&#038;p=9738"},"modified":"2025-10-22T15:04:58","modified_gmt":"2025-10-22T13:04:58","slug":"jonas-schrodi","status":"publish","type":"anwalt","link":"https:\/\/breyer-rechtsanwaelte.de\/en\/anwalt\/jonas-schrodi\/","title":{"rendered":"Jonas Schrodi"},"content":{"rendered":"<div data-elementor-type=\"wp-post\" data-elementor-id=\"9738\" class=\"elementor elementor-9738\" data-elementor-post-type=\"anwalt\">\n\t\t\t\t<div class=\"elementor-element elementor-element-8d718ba e-flex e-con-boxed e-con e-parent\" data-id=\"8d718ba\" data-element_type=\"container\" data-e-type=\"container\">\n\t\t\t\t\t<div class=\"e-con-inner\">\n\t\t\t\t<div class=\"elementor-element elementor-element-6ebb08d elementor-widget elementor-widget-heading\" data-id=\"6ebb08d\" data-element_type=\"widget\" data-e-type=\"widget\" data-widget_type=\"heading.default\">\n\t\t\t\t\t<h2 class=\"elementor-heading-title elementor-size-default\">Vita<\/h2>\t\t\t\t<\/div>\n\t\t\t\t<div class=\"elementor-element elementor-element-1ee6e9b elementor-widget elementor-widget-text-editor\" data-id=\"1ee6e9b\" data-element_type=\"widget\" data-e-type=\"widget\" data-widget_type=\"text-editor.default\">\n\t\t\t\t\t\t\t\t\t<ul><li>Studied law at the University of Konstanz and the Universitat Aut\u00f2noma de Barcelona<\/li><li>Legal clerkship at the District Court of Ulm, including a stint at the Indo-German Chamber of Commerce in Delhi<\/li><li>Lawyer since 2020<\/li><li>Worked for several years as a research assistant at the chair of Prof Dr Jochen Gl\u00f6ckner, LL.M. (USA) at the University of Konstanz<\/li><li>Completion of the theoretical part of the specialist lawyer course for construction and architectural law<\/li><\/ul>\t\t\t\t\t\t\t\t<\/div>\n\t\t\t\t\t<\/div>\n\t\t\t\t<\/div>\n\t\t<div class=\"elementor-element elementor-element-b8db8fe e-flex e-con-boxed e-con e-parent\" data-id=\"b8db8fe\" data-element_type=\"container\" data-e-type=\"container\">\n\t\t\t\t\t<div class=\"e-con-inner\">\n\t\t\t\t<div class=\"elementor-element elementor-element-abe843d elementor-widget elementor-widget-heading\" data-id=\"abe843d\" data-element_type=\"widget\" data-e-type=\"widget\" data-widget_type=\"heading.default\">\n\t\t\t\t\t<h2 class=\"elementor-heading-title elementor-size-default\">Memberships<\/h2>\t\t\t\t<\/div>\n\t\t\t\t<div class=\"elementor-element elementor-element-266fe75 elementor-widget elementor-widget-text-editor\" data-id=\"266fe75\" data-element_type=\"widget\" data-e-type=\"widget\" data-widget_type=\"text-editor.default\">\n\t\t\t\t\t\t\t\t\t<ul><li>Member of the German Bar Association e.V.<\/li><li>Member of the Institute for Construction Law Freiburg im Breisgau e.V.<\/li><\/ul>\t\t\t\t\t\t\t\t<\/div>\n\t\t\t\t\t<\/div>\n\t\t\t\t<\/div>\n\t\t\t\t<\/div>","protected":false},"excerpt":{"rendered":"<p>Vita Studium der Rechtswissenschaften an der Universit\u00e4t Konstanz und der Universitat Aut\u00f2noma de Barcelona Referendariat beim Landgericht Ulm, u.a. mit Station bei der Deutsch-Indischen Handelskammer in Delhi Rechtsanwalt seit 2020 Mehrj\u00e4hrige T\u00e4tigkeit als wissenschaftlicher Mitarbeiter am Lehrstuhl von Prof. Dr. Jochen Gl\u00f6ckner, LL.M. (USA) an der Universit\u00e4t Konstanz Abschluss des theoretischen Teils des Fachanwaltslehrganges f\u00fcr [&hellip;]<\/p>\n","protected":false},"featured_media":19328,"template":"","meta":{"_acf_changed":false},"fachrichtung":[],"standort":[33],"class_list":["post-9738","anwalt","type-anwalt","status-publish","has-post-thumbnail","hentry","standort-stuttgart"],"acf":{"fachrichtung":"Rechtsanwalt","telefon":"+49 711 34 18 000","e-mail":"info@breyer-rechtsanwaelte.de","linkedin":"","xing":"","web":""},"_links":{"self":[{"href":"https:\/\/breyer-rechtsanwaelte.de\/en\/wp-json\/wp\/v2\/anwalt\/9738","targetHints":{"allow":["GET"]}}],"collection":[{"href":"https:\/\/breyer-rechtsanwaelte.de\/en\/wp-json\/wp\/v2\/anwalt"}],"about":[{"href":"https:\/\/breyer-rechtsanwaelte.de\/en\/wp-json\/wp\/v2\/types\/anwalt"}],"version-history":[{"count":0,"href":"https:\/\/breyer-rechtsanwaelte.de\/en\/wp-json\/wp\/v2\/anwalt\/9738\/revisions"}],"wp:featuredmedia":[{"embeddable":true,"href":"https:\/\/breyer-rechtsanwaelte.de\/en\/wp-json\/wp\/v2\/media\/19328"}],"wp:attachment":[{"href":"https:\/\/breyer-rechtsanwaelte.de\/en\/wp-json\/wp\/v2\/media?parent=9738"}],"wp:term":[{"taxonomy":"fachrichtung","embeddable":true,"href":"https:\/\/breyer-rechtsanwaelte.de\/en\/wp-json\/wp\/v2\/fachrichtung?post=9738"},{"taxonomy":"standort","embeddable":true,"href":"https:\/\/breyer-rechtsanwaelte.de\/en\/wp-json\/wp\/v2\/standort?post=9738"}],"curies":[{"name":"wp","href":"https:\/\/api.w.org\/{rel}","templated":true}]}}

<div data-elementor-type="wp-post" data-elementor-id="9738" class="elementor elementor-9738" data-elementor-post-type="anwalt">
				<div class="elementor-element elementor-element-8d718ba e-flex e-con-boxed e-con e-parent" data-id="8d718ba" data-element_type="container" data-e-type="container">
					<div class="e-con-inner">
				<div class="elementor-element elementor-element-6ebb08d elementor-widget elementor-widget-heading" data-id="6ebb08d" data-element_type="widget" data-e-type="widget" data-widget_type="heading.default">
					<h2 class="elementor-heading-title elementor-size-default">Vita</h2>				</div>
				<div class="elementor-element elementor-element-1ee6e9b elementor-widget elementor-widget-text-editor" data-id="1ee6e9b" data-element_type="widget" data-e-type="widget" data-widget_type="text-editor.default">
									<ul><li>Studied law at the University of Konstanz and the Universitat Autònoma de Barcelona</li><li>Legal clerkship at the District Court of Ulm, including a stint at the Indo-German Chamber of Commerce in Delhi</li><li>Lawyer since 2020</li><li>Worked for several years as a research assistant at the chair of Prof Dr Jochen Glöckner, LL.M. (USA) at the University of Konstanz</li><li>Completion of the theoretical part of the specialist lawyer course for construction and architectural law</li></ul>								</div>
					</div>
				</div>
		<div class="elementor-element elementor-element-b8db8fe e-flex e-con-boxed e-con e-parent" data-id="b8db8fe" data-element_type="container" data-e-type="container">
					<div class="e-con-inner">
				<div class="elementor-element elementor-element-abe843d elementor-widget elementor-widget-heading" data-id="abe843d" data-element_type="widget" data-e-type="widget" data-widget_type="heading.default">
					<h2 class="elementor-heading-title elementor-size-default">Memberships</h2>				</div>
				<div class="elementor-element elementor-element-266fe75 elementor-widget elementor-widget-text-editor" data-id="266fe75" data-element_type="widget" data-e-type="widget" data-widget_type="text-editor.default">
									<ul><li>Member of the German Bar Association e.V.</li><li>Member of the Institute for Construction Law Freiburg im Breisgau e.V.</li></ul>								</div>
					</div>
				</div>
				</div>

<p>Vita Studium der Rechtswissenschaften an der Universität Konstanz und der Universitat Autònoma de Barcelona Referendariat beim Landgericht Ulm, u.a. mit Station bei der Deutsch-Indischen Handelskammer in Delhi Rechtsanwalt seit 2020 Mehrjährige Tätigkeit als wissenschaftlicher Mitarbeiter am Lehrstuhl von Prof. Dr. Jochen Glöckner, LL.M. (USA) an der Universität Konstanz Abschluss des theoretischen Teils des Fachanwaltslehrganges für [&hellip;]</p>
