{"id":9741,"date":"2025-06-11T12:36:19","date_gmt":"2025-06-11T10:36:19","guid":{"rendered":"https:\/\/breyer-rechtsanwaelte.de\/?post_type=anwalt&#038;p=9741"},"modified":"2025-10-15T11:55:25","modified_gmt":"2025-10-15T09:55:25","slug":"ilya-portnoy","status":"publish","type":"anwalt","link":"https:\/\/breyer-rechtsanwaelte.de\/en\/anwalt\/ilya-portnoy\/","title":{"rendered":"Ilya Portnoy"},"content":{"rendered":"<div data-elementor-type=\"wp-post\" data-elementor-id=\"9741\" class=\"elementor elementor-9741\" data-elementor-post-type=\"anwalt\">\n\t\t\t\t<div class=\"elementor-element elementor-element-0363af0 e-flex e-con-boxed e-con e-parent\" data-id=\"0363af0\" data-element_type=\"container\" data-e-type=\"container\">\n\t\t\t\t\t<div class=\"e-con-inner\">\n\t\t\t\t<div class=\"elementor-element elementor-element-ae82db2 elementor-widget elementor-widget-heading\" data-id=\"ae82db2\" data-element_type=\"widget\" data-e-type=\"widget\" data-widget_type=\"heading.default\">\n\t\t\t\t\t<h2 class=\"elementor-heading-title elementor-size-default\">Vita<\/h2>\t\t\t\t<\/div>\n\t\t\t\t<div class=\"elementor-element elementor-element-0a3f401 elementor-widget elementor-widget-text-editor\" data-id=\"0a3f401\" data-element_type=\"widget\" data-e-type=\"widget\" data-widget_type=\"text-editor.default\">\n\t\t\t\t\t\t\t\t\t<ul><li>Studied law at the Ludwig-Maximilians-University (LMU) in Munich with a specialization in conflict of laws, EU law and international procedural law<\/li><li>Specialized foreign language training in Russian, English and French at the LMU<\/li><li>Legal clerkship at the Higher Regional Court of Munich, specializing in private international law and European law<\/li><li>Stations at a major law firm in Munich and an international commercial law firm in Moscow, Supervision of international mandates and drafting of multilingual contractual documents<\/li><li>Attorney at law at Breyer Rechtsanw\u00e4lte since 2025<\/li><\/ul>\t\t\t\t\t\t\t\t<\/div>\n\t\t\t\t\t<\/div>\n\t\t\t\t<\/div>\n\t\t<div class=\"elementor-element elementor-element-15749a9 e-flex e-con-boxed e-con e-parent\" data-id=\"15749a9\" data-element_type=\"container\" data-e-type=\"container\">\n\t\t\t\t\t<div class=\"e-con-inner\">\n\t\t\t\t<div class=\"elementor-element elementor-element-654b503 elementor-widget elementor-widget-heading\" data-id=\"654b503\" data-element_type=\"widget\" data-e-type=\"widget\" data-widget_type=\"heading.default\">\n\t\t\t\t\t<h2 class=\"elementor-heading-title elementor-size-default\">Main areas of activity<\/h2>\t\t\t\t<\/div>\n\t\t\t\t<div class=\"elementor-element elementor-element-0356cf3 elementor-widget elementor-widget-text-editor\" data-id=\"0356cf3\" data-element_type=\"widget\" data-e-type=\"widget\" data-widget_type=\"text-editor.default\">\n\t\t\t\t\t\t\t\t\t<ul><li>Private construction and architectural law<\/li><\/ul>\t\t\t\t\t\t\t\t<\/div>\n\t\t\t\t\t<\/div>\n\t\t\t\t<\/div>\n\t\t\t\t<\/div>","protected":false},"excerpt":{"rendered":"<p>Vita Studium der Rechtswissenschaften an der Ludwig-Maximilians-Universit\u00e4t (LMU) in M\u00fcnchen mit dem Schwerpunkt Internationales, Europ\u00e4isches und Ausl\u00e4ndisches Privat und Verfahrensrecht Fachspezifische Fremdsprachenausbildung (FFA) in den Sprachen Russisch, Englisch, Franz\u00f6sisch an der LMU Referendariat am Oberlandesgericht M\u00fcnchen mit dem Berufsfeld Internationales Recht und Europarecht Stationen bei einer Gro\u00dfkanzlei in M\u00fcnchen und einer internationalen Wirtschaftskanzlei in Moskau, [&hellip;]<\/p>\n","protected":false},"featured_media":19325,"template":"","meta":{"_acf_changed":false},"fachrichtung":[],"standort":[35],"class_list":["post-9741","anwalt","type-anwalt","status-publish","has-post-thumbnail","hentry","standort-muenchen"],"acf":{"fachrichtung":"Rechtsanwalt","telefon":"+49 89 322 996 78-0","e-mail":"info@breyer-rechtsanwaelte.de","linkedin":"","xing":"","web":""},"_links":{"self":[{"href":"https:\/\/breyer-rechtsanwaelte.de\/en\/wp-json\/wp\/v2\/anwalt\/9741","targetHints":{"allow":["GET"]}}],"collection":[{"href":"https:\/\/breyer-rechtsanwaelte.de\/en\/wp-json\/wp\/v2\/anwalt"}],"about":[{"href":"https:\/\/breyer-rechtsanwaelte.de\/en\/wp-json\/wp\/v2\/types\/anwalt"}],"version-history":[{"count":0,"href":"https:\/\/breyer-rechtsanwaelte.de\/en\/wp-json\/wp\/v2\/anwalt\/9741\/revisions"}],"wp:featuredmedia":[{"embeddable":true,"href":"https:\/\/breyer-rechtsanwaelte.de\/en\/wp-json\/wp\/v2\/media\/19325"}],"wp:attachment":[{"href":"https:\/\/breyer-rechtsanwaelte.de\/en\/wp-json\/wp\/v2\/media?parent=9741"}],"wp:term":[{"taxonomy":"fachrichtung","embeddable":true,"href":"https:\/\/breyer-rechtsanwaelte.de\/en\/wp-json\/wp\/v2\/fachrichtung?post=9741"},{"taxonomy":"standort","embeddable":true,"href":"https:\/\/breyer-rechtsanwaelte.de\/en\/wp-json\/wp\/v2\/standort?post=9741"}],"curies":[{"name":"wp","href":"https:\/\/api.w.org\/{rel}","templated":true}]}}

<div data-elementor-type="wp-post" data-elementor-id="9741" class="elementor elementor-9741" data-elementor-post-type="anwalt">
				<div class="elementor-element elementor-element-0363af0 e-flex e-con-boxed e-con e-parent" data-id="0363af0" data-element_type="container" data-e-type="container">
					<div class="e-con-inner">
				<div class="elementor-element elementor-element-ae82db2 elementor-widget elementor-widget-heading" data-id="ae82db2" data-element_type="widget" data-e-type="widget" data-widget_type="heading.default">
					<h2 class="elementor-heading-title elementor-size-default">Vita</h2>				</div>
				<div class="elementor-element elementor-element-0a3f401 elementor-widget elementor-widget-text-editor" data-id="0a3f401" data-element_type="widget" data-e-type="widget" data-widget_type="text-editor.default">
									<ul><li>Studied law at the Ludwig-Maximilians-University (LMU) in Munich with a specialization in conflict of laws, EU law and international procedural law</li><li>Specialized foreign language training in Russian, English and French at the LMU</li><li>Legal clerkship at the Higher Regional Court of Munich, specializing in private international law and European law</li><li>Stations at a major law firm in Munich and an international commercial law firm in Moscow, Supervision of international mandates and drafting of multilingual contractual documents</li><li>Attorney at law at Breyer Rechtsanwälte since 2025</li></ul>								</div>
					</div>
				</div>
		<div class="elementor-element elementor-element-15749a9 e-flex e-con-boxed e-con e-parent" data-id="15749a9" data-element_type="container" data-e-type="container">
					<div class="e-con-inner">
				<div class="elementor-element elementor-element-654b503 elementor-widget elementor-widget-heading" data-id="654b503" data-element_type="widget" data-e-type="widget" data-widget_type="heading.default">
					<h2 class="elementor-heading-title elementor-size-default">Main areas of activity</h2>				</div>
				<div class="elementor-element elementor-element-0356cf3 elementor-widget elementor-widget-text-editor" data-id="0356cf3" data-element_type="widget" data-e-type="widget" data-widget_type="text-editor.default">
									<ul><li>Private construction and architectural law</li></ul>								</div>
					</div>
				</div>
				</div>

<p>Vita Studium der Rechtswissenschaften an der Ludwig-Maximilians-Universität (LMU) in München mit dem Schwerpunkt Internationales, Europäisches und Ausländisches Privat und Verfahrensrecht Fachspezifische Fremdsprachenausbildung (FFA) in den Sprachen Russisch, Englisch, Französisch an der LMU Referendariat am Oberlandesgericht München mit dem Berufsfeld Internationales Recht und Europarecht Stationen bei einer Großkanzlei in München und einer internationalen Wirtschaftskanzlei in Moskau, [&hellip;]</p>
