{"id":2968,"date":"2024-08-14T10:31:45","date_gmt":"2024-08-14T08:31:45","guid":{"rendered":"https:\/\/breyer-rechtsanwaelte.de\/?post_type=referenz&#038;p=2968"},"modified":"2024-08-14T10:31:45","modified_gmt":"2024-08-14T08:31:45","slug":"stuttgart-16","status":"publish","type":"referenz","link":"https:\/\/breyer-rechtsanwaelte.de\/en\/referenz\/stuttgart-16\/","title":{"rendered":"Stuttgart"},"content":{"rendered":"","protected":false},"excerpt":{"rendered":"<p>Mercedes Benz Center:<br \/>\nProzessuale Vertretung f\u00fcr die ausf\u00fchrende ARGE gegen\u00fcber Fachplaner<\/p>","protected":false},"featured_media":0,"template":"","meta":{"_acf_changed":false},"art":[52],"fachrichtung":[45],"class_list":["post-2968","referenz","type-referenz","status-publish","hentry","art-national","fachrichtung-architektenrecht"],"acf":[],"_links":{"self":[{"href":"https:\/\/breyer-rechtsanwaelte.de\/en\/wp-json\/wp\/v2\/referenz\/2968","targetHints":{"allow":["GET"]}}],"collection":[{"href":"https:\/\/breyer-rechtsanwaelte.de\/en\/wp-json\/wp\/v2\/referenz"}],"about":[{"href":"https:\/\/breyer-rechtsanwaelte.de\/en\/wp-json\/wp\/v2\/types\/referenz"}],"wp:attachment":[{"href":"https:\/\/breyer-rechtsanwaelte.de\/en\/wp-json\/wp\/v2\/media?parent=2968"}],"wp:term":[{"taxonomy":"art","embeddable":true,"href":"https:\/\/breyer-rechtsanwaelte.de\/en\/wp-json\/wp\/v2\/art?post=2968"},{"taxonomy":"fachrichtung","embeddable":true,"href":"https:\/\/breyer-rechtsanwaelte.de\/en\/wp-json\/wp\/v2\/fachrichtung?post=2968"}],"curies":[{"name":"wp","href":"https:\/\/api.w.org\/{rel}","templated":true}]}}

<p>Mercedes Benz Center:<br />
Prozessuale Vertretung für die ausführende ARGE gegenüber Fachplaner</p>
